 31158 is divided by 6226.
28
Calculate the remainder when 42158 is divided by 40328.
1830
What is the remainder when 62246076 is divided by 51?
15
What is the remainder when 12783585 is divided by 61?
59
Calculate the remainder when 7367655 is divided by 286.
9
What is the remainder when 774624 is divided by 143?
136
What is the remainder when 23185856 is divided by 1043?
1009
What is the remainder when 66097553 is divided by 36926?
13
Calculate the remainder when 70586166 is divided by 480178.
0
What is the remainder when 747254 is divided by 259?
39
What is the remainder when 3176669 is divided by 811?
793
What is the remainder when 1239263 is divided by 3779?
3530
What is the remainder when 6861527 is divided by 58?
11
What is the remainder when 3357462 is divided by 129133?
4
What is the remainder when 56468266 is divided by 132?
118
Calculate the remainder when 787457 is divided by 12908.
69
What is the remainder when 3524763 is divided by 140990?
13
Calculate the remainder when 6473821 is divided by 32.
29
What is the remainder when 13809 is divided by 564?
273
What is the remainder when 9472294 is divided by 17738?
202
Calculate the remainder when 137005277 is divided by 1129.
1127
What is the remainder when 876120 is divided by 7822?
56
Calculate the remainder when 6390511 is divided by 3768.
3751
Calculate the remainder when 2419558 is divided by 69130.
8
What is the remainder when 744924 is divided by 179?
105
What is the remainder when 18802804 is divided by 3760558?
14
Calculate the remainder when 27073 is divided by 6610.
633
What is the remainder when 6836656 is divided by 14?
8
What is the remainder when 288422 is divided by 1669?
1354
What is the remainder when 1222179 is divided by 1153?
1152
What is the remainder when 394589 is divided by 2990?
2899
Calculate the remainder when 9990491 is divided by 51.
50
What is the remainder when 4339964 is divided by 61?
58
What is the remainder when 3541225 is divided by 267?
4
Calculate the remainder when 86185 is divided by 4464.
1369
Calculate the remainder when 14971404 is divided by 116.
96
What is the remainder when 5642990 is divided by 1143?
1142
What is the remainder when 798632 is divided by 159721?
27
What is the remainder when 3390805 is divided by 188373?
91
What is the remainder when 8062468 is divided by 195?
193
What is the remainder when 3699055 is divided by 2704?
2687
Calculate the remainder when 1611997 is divided by 1000.
997
Calculate the remainder when 392312 is divided by 31.
7
What is the remainder when 430777 is divided by 140?
137
Calculate the remainder when 6296584 is divided by 491.
0
What is the remainder when 27704397 is divided by 3463048?
13
What is the remainder when 243079 is divided by 853?
827
What is the remainder when 16204169 is divided by 2508?
2489
What is the remainder when 17884413 is divided by 2112?
2109
What is the remainder when 3401835 is divided by 87226?
21
Calculate the remainder when 87824 is divided by 172.
104
Calculate the remainder when 561070 is divided by 15564.
766
Calculate the remainder when 399363 is divided by 128.
3
Calculate the remainder when 215799 is divided by 30826.
17
Calculate the remainder when 16963043 is divided by 8481513.
17
What is the remainder when 151018 is divided by 1848?
1330
What is the remainder when 39379 is divided by 9817?
111
What is the remainder when 225885 is divided by 74229?
3198
What is the remainder when 937741 is divided by 387?
40
Calculate the remainder when 45600 is divided by 14033.
3501
What is the remainder when 25711541 is divided by 12855747?
47
What is the remainder when 332825 is divided by 47539?
52
Calculate the remainder when 315442 is divided by 556.
190
What is the remainder when 208350 is divided by 3605?
2865
Calculate the remainder when 15240 is divided by 2282.
1548
Calculate the remainder when 14790612 is divided by 2919.
39
What is the remainder when 396538 is divided by 8564?
2594
What is the remainder when 203103414 is divided by 78?
72
Calculate the remainder when 15697963 is divided by 5232654.
1
Calculate the remainder when 25213 is divided by 2730.
643
Calculate the remainder when 5670563 is divided by 411.
407
Calculate the remainder when 1595428 is divided by 69366.
10
Calculate the remainder when 8953009 is divided by 1165.
1149
Calculate the remainder when 116028 is divided by 2077.
1793
Calculate the remainder when 311402 is divided by 77592.
1034
Calculate the remainder when 947409 is divided by 2423.
16
What is the remainder when 1626172 is divided by 1787?
2
What is the remainder when 4167596 is divided by 1261?
1252
What is the remainder when 2748402 is divided by 598?
592
What is the remainder when 27116527 is divided by 367?
365
What is the remainder when 235454 is divided by 1717?
225
What is the remainder when 6813928 is divided by 374?
22
Calculate the remainder when 4507 is divided by 1415.
262
Calculate the remainder when 1886945 is divided by 241.
156
What is the remainder when 1702192 is divided by 58695?
37
Calculate the remainder when 62393049 is divided by 10.
9
What is the remainder when 88511 is divided by 378?
59
What is the remainder when 40742452 is divided by 451?
14
What is the remainder when 34842 is divided by 10649?
2895
Calculate the remainder when 151798872 is divided by 1689.
1686
What is the remainder when 19582834 is divided by 52?
50
What is the remainder when 53043731 is divided by 217?
34
Calculate the remainder when 56509 is divided by 830.
69
Calculate the remainder when 1481036 is divided by 134567.
799
What is the remainder when 1744990800 is divided by 8923?
8920
Calculate the remainder when 121144 is divided by 1274.
114
Calculate the remainder when 129847 is divided by 5563.
1898
Calculate the remainder when 82839434 is divided by 2027.
2025
Calculate the remainder when 884922 is divided by 19664.
42
What is the remainder when 107361 is divided by 1185?
711
What is the remainder when 20067 is divided by 1074?
735
What is the remainder when 6264021 is divided by 98?
57
Calculate the remainder when 1137704 is divided by 1859.
1855
What is the remainder when 354385884 is divided by 35?
34
What is the remainder when 9835466 is divided by 97?
54
Calculate the remainder when 876650 is divided by 2363.
2340
What is the remainder when 129452 is divided by 503?
181
Calculate the remainder when 24735060 is divided by 2377.
2375
Calculate the remainder when 28927303 is divided by 11.
9
What is the remainder when 30903033 is divided by 2292?
2289
What is the remainder when 107142071 is divided by 155?
26
Calculate the remainder when 1739228 is divided by 2828.
8
What is the remainder when 532273 is divided by 532259?
14
What is the remainder when 94993639 is divided by 31664542?
13
What is the remainder when 453856 is divided by 45383?
26
Calculate the remainder when 6475685 is divided by 53964.
5
Calculate the remainder when 7993 is divided by 2654.
31
What is the remainder when 1265124 is divided by 2419?
2406
Calculate the remainder when 2767562850 is divided by 401.
398
What is the remainder when 1016611 is divided by 5?
1
What is the remainder when 3356339 is divided by 3356338?
1
Calculate the remainder when 3593253 is divided by 19.
11
Calculate the remainder when 33225378 is divided by 32.
2
Calculate the remainder when 208850 is divided by 103514.
1822
What is the remainder when 224463 is divided by 448?
15
What is the remainder when 6409322 is divided by 90?
62
What is the remainder when 11723447 is divided by 2163?
2150
Calculate the remainder when 15195759 is divided by 242.
95
Calculate the remainder when 301749 is divided by 9.
6
Calculate the remainder when 8319117 is divided by 3.
0
Calculate the remainder when 18525467 is divided by 174.
35
What is the remainder when 22214097 is divided by 22214073?
24
What is the remainder when 1004395 is divided by 7916?
6979
What is the remainder when 10497284 is divided by 1312158?
20
Calculate the remainder when 68627230 is divided by 2227.
2225
Calculate the remainder when 1529140 is divided by 1285.
1275
What is the remainder when 248233 is divided by 172?
37
Calculate the remainder when 18159309 is divided by 414.
27
Calculate the remainder when 832135 is divided by